n**m. Determine a(2).
4
Let l = 39 + -37. Let u(q) = l + 1 - q**2 + 11*q - 11*q. Calculate u(0).
3
Let g(d) = d + 17. Suppose -48 = 61*x - 55*x. What is g(x)?
9
Let w(i) be the third derivative of -i**6/120 + i**5/60 + i**4/24 - i**3/6 - 48*i**2. What is w(3)?
-16
Let c(h) = -3*h - 5. Let y(o) = 2*o + 3. Let j = 123 - 127. Let t(x) = j*c(x) - 7*y(x). What is t(-7)?
13
Let p(b) be the first derivative of -b**5/120 - b**4/12 - 23*b**3/3 - 35. Let u(l) be the third derivative of p(l). Give u(4).
-6
Let y(p) be the first derivative of 0*p**3 - 1 + p**2 + p - 3/2*p**4. Determine y(-1).
5
Let z = -5 - 0. Let j(b) = -9*b - 2. Let w(g) = 22*g + 4. Let k(y) = -12*j(y) - 5*w(y). Calculate k(z).
14
Let a(r) = r + 8*r**2 - 34*r**2 + 12*r**2 + 1 + 4*r**2. Suppose -5*v + 4*k + 5 = -6*v, -2 = 2*k. What is a(v)?
-10
Let i(b) = -b**2 + 4*b - 5. Let f(c) = -c**2 + 5*c - 6. Let a(h) = -2*f(h) + 3*i(h). Let p be a(3). Let d(x) = -x**2 - 4*x + 7. What is d(p)?
-5
Suppose -7*w + 29 = -6*w. Let z = -46 + w. Let k = z + 21. Let a(f) = f - 5. Determine a(k).
-1
Let c(g) = -3*g - 6. Let f be c(-4). Let y(t) = 3*t - 7. Let s = -82 + 81. Let i(k) = -k - 1. Let x(r) = s*i(r) - y(r). What is x(f)?
-4
Let n = 19 + -48. Let d = 32 + n. Let w(t) = 20*t**3 - 4*t**3 + 1 - d*t**2 + 2*t**2. What is w(1)?
16
Let b(c) be the third derivative of -c**6/120 - 7*c**5/60 + c**4/4 - 3*c**3 + 2*c**2 - 41*c. Calculate b(-8).
-2
Let n(l) = 21*l**2 - 13*l + 100. Let m(h) = 5*h**2 - 3*h + 22. Let v(j) = 9*m(j) - 2*n(j). Calculate v(-1).
2
Let y(r) = -5*r + 2. Let a(h) = 16*h - 27. Let d(q) = a(q) + 4*y(q). Calculate d(-6).
5
Let f(u) = -1. Let o(x) = 3*x**2 + 3*x - 4. Suppose -5*z + 10 = 5. Let m(s) = z*o(s) - 6*f(s). Determine m(-2).
8
Let v = -5 + 11. Suppose 2*z = -0*z - v, -3*n + 3*z + 18 = 0. Let h(u) = -u**2 + 5 - 3 - 3. Give h(n).
-10
Let j(k) be the first derivative of -2*k**3 + 47 + 6*k + 0*k**2 + 1/4*k**4. Give j(5).
-19
Let v(y) = -54*y - 78. Let u(r) = 19*r + 27. Let k(i) = 17*u(i) + 6*v(i). Calculate k(-15).
6
Suppose -4 = -0*u - u. Suppose 6 = u*w - 6. Let d(i) = 4*i**2 - 4*i + i - w*i + 4*i + i**3. Calculate d(-4).
8
Let i(l) = 11*l**3 - l**2 - 2*l - 1. Suppose -86*p + 93*p = -7. Calculate i(p).
-11
Let b(a) be the second derivative of -1/3*a**3 - 7*a + 0*a**2 + 0 - 1/12*a**4. Calculate b(3).
-15
Suppose -2*t = 5*x - 26, -5*x + 5*t = -2*x + 3. Suppose -2*b + 2 = x. Let d(m) = -6*m**2 - 15 + 0*m + 2*m + 16. Calculate d(b).
-7
Let a(f) be the first derivative of f**3/3 - f**2 + 2*f - 10. Let b be a(2). Let l(d) = -d**b + 14 - 11 + 11. Give l(0).
14
Let g(f) = f**3 + 5*f**2 + 4*f - 1. Let t = 20 - 17. Suppose 15 = t*r + 27. Calculate g(r).
-1
Suppose -7*h + 67 = -45. Suppose -3*n + 4 + 3 = -2*x, -h = -4*n - 4*x. Let z(b) = b**2 - 4*b + 4. Determine z(n).
1
Let n(j) = 7*j**3 - 9*j**2 - 11*j + 4. Let r(s) = -20*s**3 - 9*s**2 + 27*s**2 + 8*s**2 + 32*s - 12. Let l(b) = -17*n(b) - 6*r(b). What is l(4)?
0
Let t = 11 - 0. Let f = t + -8. Let l(g) = -f*g - 4 + 2*g - 4*g + 4*g. Determine l(4).
-8
Let c(w) be the first derivative of 3*w**4 - 2*w**3/3 + w**2/2 - 29. Give c(1).
11
Suppose -3*f = 3*j + 10 - 16, 2*f + 4*j = 14. Let v(t) = 3*t**3 - 3*t**3 + 3*t + 2 + t**3 + 3*t**2. Give v(f).
-7
Suppose 0 = 2*v + 2*v - 428. Let j = 111 - v. Let o(u) be the first derivative of -u**4/4 + 4*u**3/3 + u**2/2 - 3*u + 1. Give o(j).
1
Let t(m) = -m**3 + 9*m**2 - 9*m + 7. Let k be (-1)/((-410)/(-60) + -7). Calculate t(k).
61
Let b(c) = -4*c**2 + c**3 - c + 2*c - 8 + 11*c**2 + 4*c. Suppose -2*u - 6 = 3*t, -u + 0 = 4*t - 2. Calculate b(u).
-2
Let l = -11 + 17. Let a be ((-10)/l)/(-5*4/72). Let n(m) = m**2 - 7*m - 6. Give n(a).
-12
Let q(b) = 13*b + 211. Let n be q(-16). Let y(f) be the first derivative of -1 + 1/4*f**4 - 4*f - 7/3*f**n + 7/2*f**2. What is y(6)?
2
Suppose y - 4*d + 9 = 0, -2*y - 4*d - 1 = -19. Let x(s) = 2*s**2 + 4*s - 1. Let z(b) = 2*b**2 + 4*b. Let p(u) = y*z(u) - 4*x(u). What is p(-4)?
-12
Let l = -36 - -33. Let o(m) = -4 - m**2 - 52*m + 2*m**2 + 50*m. Calculate o(l).
11
Let q(d) = -d**2 - 5*d + 5*d + 54 - 53 - 5*d. Calculate q(-6).
-5
Let c(y) = -y**2 - 4*y - 3. Let s be c(-4). Let h(r) be the second derivative of r**4/12 + r**3/6 + 96*r. Calculate h(s).
6
Let r(i) = -i + 1. Let q(n) be the third derivative of n**4/24 - 2*n**3/3 + 17*n**2. Let j(p) = q(p) + 5*r(p). Give j(-1).
5
Let b(y) = y**2 + 1. Let p be -2 + 3 + 1 + -2. Suppose p = 3*v + v. Suppose u + 3 - 6 = v. Calculate b(u).
10
Let p(y) = -y**2 - 4*y - 1. Let o be (12/16 - 1)*0. Let f be 21/(-3) - (o - 0). Let h(d) = d**3 + 8*d**2 + 8*d + 4. Let g be h(f). What is p(g)?
2
Suppose -4*f - 3 = -2*z + 3, 0 = -4*z + 5*f + 15. Suppose 2*k + 0*k + z*q - 37 = 0, 5*q = 25. Let n(v) = -v - 6. Determine n(k).
-12
Let i(s) = -s**3 - 5*s**2 + 23*s + 63. Let k be i(-7). Let z(r) = r**3 - r**2 - 4*r - 7. Give z(k).
-7
Let d(f) = 6*f + 5. Let k(l) = l. Let z(v) = -d(v) + 3*k(v). Let x(w) = 4*w - 73. Let n be x(18). Let s be (-3)/((n - 1) + -1)*-5. What is z(s)?
10
Suppose -5*z - s - 44 = -202, 4*z - 138 = 5*s. Suppose 3*n + 56 = z. Let u(f) = -f**2 - 7*f + 8. Give u(n).
0
Let z(a) = -a**3 - 2*a**2 + 5*a - 2. Let u be z(3). Let t be -6 - ((-3)/9 - u/(-12)). Let c(v) = v**3 + 3*v**2. Give c(t).
0
Let n(c) = -c**3 + 10*c**2 + 15*c - 13. Let g be n(11). Let l = 27 - g. Let t(d) = -2*d + 7*d + 0*d**3 - 3 + d**3 + 5*d**2. What is t(l)?
-7
Let m(z) = -z - 9. Suppose -277 = 2*x - 3*c, -x + c = -3*c + 146. Let d = -144 - x. Calculate m(d).
1
Suppose 35*n + 48 = 27*n. Let y(j) = 5*j - 3. What is y(n)?
-33
Let y be (-4)/(-26) - 0 - 481/(-169). Let t(p) = -3*p - y + 0*p - 2*p**2 - 4*p. Calculate t(-5).
-18
Let u(y) = 2*y**3 + 3*y**2 + 3*y**2 + y + 2 - y - 7*y**2. Determine u(-2).
-18
Let s(w) = -2*w - 1. Let h be s(1). Let q = -4 + h. Let l(u) = u**2 + 6*u - 9. What is l(q)?
-2
Let o(y) = -y**3 - 9*y**2 - 8*y - 1. Let m be -5 - 7/(28/8). Let u(h) = -h - 15. Let s be u(m). What is o(s)?
-1
Let p(x) = 15*x - 1. Let l(w) = 38*w - 3. Let h(f) = -4*l(f) + 10*p(f). What is h(-3)?
8
Let x(z) = 82*z**2 - 40*z**2 - 42*z**2 + 14*z**3. Let j = -2 + 3. Calculate x(j).
14
Let l(b) = 10*b - 2. Let g be l(-3). Let f = g - -28. Let p(j) = j**2 + 2*j - 1. What is p(f)?
7
Let r(z) be the third derivative of -z**5/15 + z**4/24 + z**3/6 + 4*z**2 + 3. Suppose 1 - 3 = 2*f. Let y be (2/f)/(1 + 1). Determine r(y).
-4
Suppose 21 - 13 = 4*n. Suppose 4*r = -2*l + 22, n*l + 6 = 3*r + 21. Let w be 1*(-3)/l*-3. Let t(m) = -8*m**2 - m. Calculate t(w).
-9
Let v(b) = b**2 + 10*b - 14. Let u be v(-11). Let s(i) = 3*i + 8. Give s(u).
-1
Let t(z) = -5*z**2 - 4*z - 7. Let k(j) = 11*j**2 + 7*j + 14. Let m(h) = 4*k(h) + 9*t(h). Determine m(-6).
5
Let j(s) = -11*s. Let q(h) = -16*h - 1. Let y(d) = -7*j(d) + 5*q(d). Determine y(-2).
1
Let p(z) = -2*z - 35 + 35. Let a be p(-2). Let x(s) = -a*s + 6*s - 6 - s. What is x(3)?
-3
Let y(q) be the second derivative of 1/2*q**2 + 1/6*q**3 - 10*q - 2/3*q**4 + 0. Determine y(-1).
-8
Let j(n) = n**3 - 8*n**2 + 14*n + 3. Let r be j(5). Let m be 7/9 + 8/36 - r. Let b(c) = -c**3 + 2*c**2 + 3*c + 2. Determine b(m).
2
Let h(t) = t**2 - 4*t - 2. Let w = -111 + 115. Calculate h(w).
-2
Let x(z) = 17 - 10*z - 29 + 13. Suppose -4*t = -5*m + 18, -3*m = -t - 15 + 7. Suppose -3*y = m*v - 8, 5*y - 10 = -3*v + 3. Determine x(v).
-9
Let v(g) = -g**2 + 5*g - 7. Let x = 146 + -136. Let z be 30/(-6) + x + 1. Give v(z).
-13
Let v(s) = -s - 4. Let x(i) be the third derivative of i**4/8 - i**3/6 - 2*i**2. Let r be x(-7). Let f = r + 17. Determine v(f).
1
Let a(j) be the second derivative of j**3/2 + 12*j**2 + 5*j + 3. Determine a(-6).
6
Let v(a) be the third derivative of -a**6/120 - a**5/30 + 5*a**4/24 + a**3/2 - 1795*a**2 + 1. Suppose -5*u = 2*j - 0*j + 22, 5*u + 19 = j. Determine v(u).
15
Let v(i) = -i**2 - 2*i + 4. Let a(g) = g - 10*g + 7*g - g**2 + g + 8. Let q be a(-4). Determine v(q).
-4
Let p(c) = c - 9. Let n = 283 + -277. Calculate p(n).
-3
Let c be 8/(-28) + 600/(-105). Let q(r) = -r**2 - 7*r - 6. Give q(c).
0
Let d = -196 + 191. Let q(b) = -b**3 - 4*b**2 + 7*b + 5. Determine q(d).
-5
Let u be 5 + -6*((-9)/3)/(-6). Let k(w) = 0*w + 8*w**2 - 4 - 11*w**u + w**3 - 4*w + 6*w**2. Calculate k(-3).
8
Let g(d) = -83 - d**3 + 3*d - 90 - 83 + 258 - 3*d**2. Calculate g(-3).